+ 70?
35
What is 0 - (-20 - (53 - -1 - (-28 - -25)))?
77
Evaluate -14 - (-102 + 64 + 3).
21
What is -14 - (14 + -30 - 14) - 6?
10
Evaluate (-21 - -17 - -30) + -20 - -12.
18
What is (-9 - 12) + 43 - (26 + 8)?
-12
-1 + 102 + 24 + -10 + (12 - 3) + -9
115
Evaluate (60 - 58) + (-10 + 135 - -3) + -21.
109
What is (-154 - (-32 + -46)) + 89?
13
What is (-1 - (-24 + 20 - -17)) + 43?
29
What is the value of (-25 - (-21 - (15 + 7))) + 42?
60
What is 4 + 9 + -9 - ((2 - 2) + -4)?
8
Calculate (-1 - -77) + (-421 - -390).
45
What is (1 - (12 + -14)) + -45?
-42
What is the value of (5 + 1 - 1) + (-13 - (39 + -6 - 81))?
40
Calculate (-133 + 64 - -176) + 17.
124
What is the value of -2 + -64 + (-139 - (6 + -144))?
-67
Evaluate 214 - (-64 - -110) - 106.
62
What is the value of (37 - (33 - -39)) + -42?
-77
-107 - -65 - -16 - (1 - 2 - -3)
-28
What is -27 - (11 + -21 + 3 - 3)?
-17
Calculate 79 - (-24 + 68) - -8.
43
What is -4 - (8 + 1 - 7) - (15 + -14)?
-7
Evaluate 36 + 0 - (-2 - (-27 + 11) - 9).
31
What is (5 - (-52 + 40)) + -1?
16
Evaluate 7 - (-5 + -15 + 4 + -2 + 6).
19
What is the value of (-36 - (-33 - -4 - -12)) + 22?
3
-9 + 18 + 2 + (-10 + 7 + -1 - -7)
14
What is -106 - (-48 + (-129 - -77))?
-6
Evaluate 3 - (10 + -19 + 20 + -36 - -6).
22
What is -1 + (2 - (14 - 6)) + (8 - (-3 - -1))?
3
What is (72 - (3 - 0)) + 1 + -2 + -960 + 952?
60
What is 1 + 6 - (-106 + 96 + (-2 - -11) + 69)?
-61
-8 + (42 - 2 - -1) + (-409 - -407) + 1
32
What is the value of (35 - (-9 + 35)) + -51?
-42
What is the value of ((7 + -18 - 23) + 5 - -15 - -15) + 119?
120
Evaluate -4 + 7 + (1 - 12) + (12 - (-3 - -10)).
-3
-37 + 18 + (-6 - -5 - -5)
-15
27 + -16 + 3 + (-4 + -1 - 3) + -106
-100
-8 + (6 - 12) + (-317 - -311)
-20
Evaluate (1 + (-3 - -1) + 64 - (-157 + 164)) + -6.
50
Evaluate (239 - 108) + -110 + (-3 - 1).
17
Calculate 44 + 5 + (3 - 6) + -14.
32
What is the value of 17 - (-14 + (-14 - (-9 - (106 - 7))))?
-63
Evaluate -34 + 9 + -24 + -15 + 25.
-39
Calculate 37 + (-3 - (-13 - (47 + -71 - (-11 + 1)))).
33
Evaluate 5 - -15 - (-22 + 9 + -14).
47
Evaluate (23 - (60 + -1)) + 17 + -9.
-28
What is the value of 9 - (-23 - -35 - 16 - -63)?
-50
Calculate (-40 - -2) + -1166 + 1163.
-41
What is the value of -91 - -109 - (6 + (-37 - -9))?
40
What is -92 + (-60 - -107 - -8)?
-37
What is (21 - 1) + (-121 + 12 - -73)?
-16
-2 + 44 + 6 + (8 - -8 - 9)
55
What is the value of 29 + 28 + (-53 - -20) - (4 + 2)?
18
Evaluate (8 + 1 - 42) + (36 - 38).
-35
32 + -103 + 4 + 16 + -9
-60
74 - 45 - 5 - (18 - 0)
6
-2 + 0 - (-14 + 31 - 26) - 29
-22
What is the value of 11 + 9 + -36 - -39?
23
What is (-46 - -13) + -43 + 34?
-42
What is the value of (268 - 84) + (-25 - 113)?
46
(2 + 63 - -2) + (0 - 0) - (-2973 + 2980)
60
Calculate (-44 - (54 + -152)) + -2.
52
Calculate -3 + 23 + (22 - (-41 - -49)).
34
Calculate -57 + -36 + 85 + 83.
75
Calculate (9 + -2 - (16 + -24 + -1)) + (11 - 3).
24
What is the value of (55 - -12) + 2 + -26?
43
-1 + 15 - (116 + -115) - -8
21
Calculate -81 + (61 - -40) - -63.
83
Calculate -31 + (1 + 15 + -28 - -5 - (0 - 2)).
-36
What is 0 + 10 + (14 - 2 - (-6 + 11 + -14))?
31
Calculate 9 + -2 - (34 - -3).
-30
What is the value of (-46 - 25 - -126) + -109?
-54
-15 + 0 - (-35 - -105 - 58)
-27
Calculate 19 + -77 + 18 + 99.
59
Calculate -13 - (-1 + (3 - 13) - (1 + -57)).
-58
212 + -208 + (-11 - 51)
-58
Calculate -8 + -47 + 2 + 132 + -2 + 6 + 0.
83
What is the value of (2 - -2) + (395 - 381) + -8?
10
Evaluate -69 + 90 - (85 + (0 - -11) + -12).
-63
What is the value of -4 - -7 - 4 - ((37 - -70) + -171)?
63
What is -12 + -7 + 99 + -159?
-79
What is the value of -127 + 127 + -9 + -3?
-12
What is the value of -110 + (-54 - (12 + -37)) - -3?
-136
-38 + 87 - 95 - 6
-52
What is -1 + -24 + -1 + (-55 - -82)?
1
What is 29 + (-71 - -29) + 42?
29
Calculate -67 + (-22 + -28 - -93).
-24
15 - 2 - (-108 - (57 - 142))
36
What is the value of (-62 - 74 - -33) + (10 - -6)?
-87
What is (-31 - -63 - 20 - 9) + -1?
2
114 + (-15 - 253) + 53
-101
Evaluate 0 + 78 + (-11111 - -11057).
24
What is the value of -3 - (1 + -3 - -13 - (-46 + 13 + -2))?
-49
(227 - (-140 - -402)) + -1 + 59
23
Calculate 25 - 0 - (-6 + -25 + 44 + -2).
14
Calculate 296 - 263 - ((3 - 4) + 14).
20
Evaluate 203748 - 203780 - ((-10 - 1) + -1 - 0).
-20
What is 49 - ((1 - (2 + -5)) + -12 + (2 - -17))?
38
(-5 - (-18 + 13 + 9 + -4)) + -55
-60
What is 111 + (-38 - -31) + (2 - 10 - 2)?
94
Evaluate -19 - (13 - (-8 - -71)) - 22.
9
What is -14 + 29 - (31 + -39 - -69)?
-46
Evaluate 34 - (43 - (117 - 47)).
61
41 + (1 - 2) - (-172 - (-296 - -108))
24
What is the value of -20 + -18 - -33 - 20?
-25
What is -3 + -1 + 11 + -13 + 4330 + -4331?
-7
What is the value of 21 - -98 - 89 - 90?
-60
Evaluate (1 - 71) + 88 + 5 + (-55 - 2).
-34
-16 - (-3 + 2) - (9 + 6 + -26 + 6)
-10
-7 + (-5 - (-37 + 14)) + (6 - 52)
-35
What is the value of -1288 + 1219 - (0 - 1 - (-6 + -4 + 18))?
-60
What is the value of 2300 + -2208 + 4 + 26?
122
What is the value of -1676 + 1643 + (84 - 2)?
49
Evaluate 44 - (-18 + 118 + -41).
-15
Calculate -14573 - -14482 - (-1 - 139).
49
-12 - -52 - (35 + -11)
16
70 - -1 - (128 + -68 - 55)
66
Calculate (10952 - 10992) + 1 + -2 + 85.
44
Calculate 37 - (108 - -77 - 65).
-83
Evaluate (132 + -71 - 63) + 48.
46
Evaluate 13 + (-69 - 1 - (-53 + -8 + 75)) + -6.
-77
Evaluate -3 - 9 - -4 - (-15 + (-17 - 16)).
40
Evaluate 16 + (22 + -43 - -6) - -43.
44
Evaluate -91 + -39 + 65 - -30.
-35
86 - ((292 - 240) + -6 + -4)
44
What is -12 + 107 + -124 + 23?
-6
What is the value of (572 + -598 - (-37 - 2)) + 14?
27
Evaluate 5519 + -5486 + -120 + (1 - 0).
-86
What is the value of (-19 - (-2 - 12)) + (-31 - 12) + 3?
-45
(1 - -30) + -9 + -10 + 4 + -5
11
What is the value of 1717 + -1682 - (11 - -4)?
20
Calculate -67 - -1 - (-178 - -362 - 185).
-65
Evaluate -9 - (-89 + -1 + 120).
-39
-47 + 6 + 10 - 1
-32
1 + -64 - (2148 - 2159)
-52
0 + -9 + (-4 - -1) - -2 - -25
15
What is the value of -77 + (62 - -26) - (44 - (2 - 1))?
-32
What is -117 - -158 - (0 + -2 - -12)?
31
What is (-24 + 3 - -4 - -14) + (2 - (-15 + 2))?
12
What is the value of (10 - 18) + 15 + 8 + 1 + 7?
23
What is the value of -34 - (-9 + (21 - 0))?
-46
-1 + -8 + 18 + (25 - 46)
-12
What is the value of 18425 - 18357 - (1 + 43)?
24
Calculate (-2 - -3 - 3) + (-57 + 161 - 61).
41
What is 10 - (86 + -26 - 46)?
-4
Evaluate (2 + 7 + -20 - -20) + -15 + -9.
-15
-1 + 7 + -10 + 5 - (-20 - -80) - 0
-59
Calculate 40 - 16 - 20 - (-2 + (-3 - 17)) - -7.
33
(-64 - -58 - 60) + 166
100
Calculate (26 - ((-13 + 1 - -25) + -8)) + -10 + -107.
-96
What is ((14 - 0) + -8 - -65) + 16 + 11?
98
Evaluate 334 + -387 - (-123 + 12).
58
What is (-26 - 89 - -54) + 29?
-32
Evaluate -8 + 17 + (92 - 122) - -85.
64
What is the value of 176 + -166 + (60 - 12)?
58
What is the value of (-3 - -21 - 4) + -14 - (-3 + 3)?
0
7 - (1 + -2 + 6 - (8916 - 8888))
30
What is the value of -49 - (-3 - (-17 - -27 - 16 - -4))?
-48
What is the value of 0 + -32 + 253 + (-419 - -199)?
1
What is (-31 - -265) + (-527 - -434)?
141
Evaluate (-6 - -4 - (-65 + 68)) + 101 + 1.
97
6 + -63 - -15 - (-100 + 113)
-55
What is the value of -5 - 7 - 9 - -4 - 19?
-36
Calculate 9 + -5 + 1 + -95 + 58.
-32
80 - (5 + -6 + 21 + -18 + 14 + -8)
72
What is the value of -41 - (7 + (-17 - 14) + 10)?
-27
What is -136 - (-140 - -82) - (-20 - -1)?
-59
(4 - -6) + 4 - 16 - -24
22
Calculate (-957 - -976) + -3 + (-5 - (-1 + -2)).
14
Calculate -32 - -33 - 40 - -122 - -17.
100
What is the value of 3 + 0 + 50 - (5 + -4 + -2)?
54
Calculate 3953 + -3949 - (45 - (0 - 0)).
-41
Evaluate -73 - (-3 + 8 + (9 - (3 - (-8 - -3)))).
-79
8 - -1 - (87 + -112 - -16)
18
62 + 61 + -93 + 25
55
Calculate -3 + (3 - (-4 + -3 + 14)) + (-17 - 3).
-27
What is -2 - 11 - (-22 - -31 - (7 + -3))?
-18
What is the value of -5 + -5 + (24 - 18) - 31?
-35
Calculate -44 - (-6 - -12 - 6 - 1).
-43
What is the value of 21 + 1 + 30 + -91?
-39
What is the value of 4 + 2 + (-24 - (23 - 29)) + 18 + 53?
59
-7 + -8 + (1 + -32 - (-414 - -391))
-23
3 - -7 - 11 - 49 - (-37 + 28)
-41
What is (-1 + -38 - 7) + 14?
-32
What is (2 - 1) + -27 + (2818 - 2867)?
-75
(1 - -27) + (-5461 - -5345)
-88
What is -31 - (24 - (16 - -3))?
-36
What is the value of -10 + -16 + -45 + 44 + 1 + -9?
-35
Evaluate -1 - 14 - (43 + -3 + -9).
-46
What is (-24 - -1) + 575 + -565 + (-1 - -51)?
37
What i